*g + 12. Let j(i) = 4*i**2 - 4*i - 25. Let w(u) = -6*j(u) - 13*m(u). What is the units digit of w(3)?
6
Suppose 0 = r + 8*r + 1206. What is the tens digit of r/(-3)*18/12?
6
What is the hundreds digit of 10275/21 - (40/(-28))/(-5)?
4
Let j be (15/(-10) - 0)*4/3. What is the units digit of (3/j)/(-3)*170?
5
Let r = 34 + -19. Suppose -2349 = -r*b + 786. What is the hundreds digit of b?
2
Suppose 0*l - 3*l = -1374. What is the hundreds digit of l?
4
What is the units digit of (9952/(-10))/((-10)/25)?
8
Let q be 2/(4/184*4). Suppose -2 + 12 = z - 4*m, 0 = 4*z + m - q. What is the units digit of z?
6
What is the units digit of 13941/(-27)*(-5 - -2)?
9
Let i = -56 + 101. Let z = i + -12. What is the units digit of z?
3
Let y be ((-270)/63)/(3/(-14)). What is the hundreds digit of (-3)/(-15) + 3396/y + -4?
1
Let k(r) = 2*r**3 + r**2 - r + 1. Let p be k(1). Suppose 8 - 320 = -p*y. What is the tens digit of y?
0
Let s = 138 - -154. Let f = s - 190. What is the tens digit of f?
0
Let k = -38 + 48. What is the hundreds digit of k/(-35) + (-118)/28*-34?
1
Let u(i) = -2*i**2 + 14*i - 4*i**2 + 9*i**2 - 7 + 40. What is the tens digit of u(-11)?
4
Suppose -34 - 77 = -3*x. Suppose 4*q - 23 = x. Let f = 23 - q. What is the units digit of f?
8
Let y = 1990 - 1339. What is the hundreds digit of y?
6
Suppose -11*i + 8*i - 45 = 0. Let y = i - -21. What is the units digit of y + 2 + (-1 - -2)?
9
Let m = -112 - -161. Let f = 12 + m. What is the units digit of f?
1
Let q = -1912 + 2268. What is the tens digit of q?
5
What is the units digit of ((-2)/4)/(-1)*(-1 + 1741)?
0
Let m = -104 + 1172. What is the units digit of m?
8
Let b(j) = j**3 + 6*j**2 - 2*j - 8. Let p be b(-6). Suppose p*o - 5*r = -r + 320, -r + 74 = o. What is the tens digit of o?
7
What is the tens digit of -58*((-21)/7 - 4)?
0
Suppose -2*w + 3*t = 2*w - 20, 4*w - 4*t = 20. Suppose w = -3*a + 4*a. What is the units digit of a/(-20) - (-58)/8?
7
Let m be 185/(-4) - (-3)/12. Suppose -4*q + 3*q + 4*t - 12 = 0, q + 18 = t. Let k = q - m. What is the tens digit of k?
2
Suppose -3*f + 4*f - 2 = 0. Let d(s) = 13*s**2 + s + 1. What is the tens digit of d(f)?
5
Suppose -3*w = 4*m - 3857, -2909 = -3*m - 4*w + 5*w. What is the tens digit of m?
6
Let c = -181 - -762. What is the hundreds digit of c?
5
Let a be 9/(-3)*(-1360)/(-24). Let w = 100 + a. Let m = 124 + w. What is the tens digit of m?
5
Suppose 2*j + 9 = 25. What is the units digit of (-134)/(-2) + j/2?
1
Let i = -283 + 606. What is the hundreds digit of i?
3
Let w(v) = -v**2 + 48*v - 40. What is the tens digit of w(19)?
1
Suppose -4 = 3*i - 10. Suppose 6*b = i*b + 416. What is the units digit of b?
4
Let c(g) = -g**3 - 4*g**2 + 6*g + 11. Let y be c(-5). Let u be (9/y)/((-6)/(-20)). Suppose 2*h - 10 = 0, 0 = -d - u*h + 10 + 49. What is the units digit of d?
4
Suppose -16*a + 12*a = 40. Let y = 102 - a. What is the hundreds digit of y?
1
Suppose 3*v = 142 - 40. Let m be 8/(-32) - v/(-8). Suppose -3*p + 4*a + a + 90 = 0, m*p = -4*a + 88. What is the tens digit of p?
2
Suppose -2*c - 2500 = -5*t, 19*c + 473 = t + 24*c. What is the hundreds digit of t?
4
Let o be (-12)/5*630/(-27). What is the units digit of (o/10)/((-19)/(-190))?
6
Suppose 0 = 2*j + 5*k - 3089, 5*k - 1228 = -5*j + 6487. What is the units digit of j?
2
Suppose 3*b - 4*b + 14 = 0. Let g(f) = -f**3 + 15*f**2 - 8*f - 19. What is the tens digit of g(b)?
6
Let o(c) = -c**3 - 3*c**2 - 5*c - 3. Let r be o(-2). Suppose 4*z + 12 = 0, -s = r*s + 2*z + 110. Let l = s - -61. What is the tens digit of l?
3
Let m be 1/2 - 140/(-40). Suppose 2*j + 4 = 0, 0 = 5*y + m*j - 378 - 254. What is the units digit of y?
8
Let x be 9 + -11 - (-16)/2. Suppose -2*r + z - x*z = -24, 3*z - 28 = -2*r. Suppose -3*j + 22 = -r. What is the tens digit of j?
1
Let j(n) = 3*n**2 - 6*n - 2*n**2 + 0*n + 0*n. Let h be j(6). Suppose h = -4*m + 184 + 8. What is the units digit of m?
8
Suppose 0 = -6*m + 3692 + 5230. What is the thousands digit of m?
1
Let o = -10 - -6. Let u(d) = -3*d - 5. Let w be u(o). Let f = 6 + w. What is the tens digit of f?
1
Let r be (-1 + 10/4)/((-18)/(-2196)). Let n = 294 - r. What is the hundreds digit of n?
1
Let y(a) = a**2 - 32*a + 38. What is the units digit of y(-14)?
2
Let r = 289 - 107. What is the tens digit of r?
8
Let f be (-9)/(-18) + 2/(-4). Let j be (0 - (-150)/9)/(10/90). Suppose f = g + 3*n - 75, 6*n + j = 2*g + n. What is the units digit of g?
5
Let r(u) = 4*u - 91. What is the units digit of r(36)?
3
Let q = -30 + 29. Let h(y) = -41*y**3 + 4*y + 3. What is the tens digit of h(q)?
4
Let o be 1534*(14/(-4) - -4). Suppose o + 69 = 5*b + 3*x, -4*b = 4*x - 672. Suppose 30 = 4*h - b. What is the tens digit of h?
4
Let h(f) = 3*f**3 - f**2 + 4*f + 2. Let c = -68 - -71. What is the units digit of h(c)?
6
Let n be -3 - (509/3)/((-9)/27). Suppose 0 = -4*d + n - 186. What is the units digit of d?
0
Let q = 2185 - 796. What is the units digit of q?
9
Let n = 10 - 18. Let t(o) = o**2 + o - 11. What is the units digit of t(n)?
5
Suppose -9*n - 415 = 107. Let k = n - -75. What is the units digit of k?
7
Let v = -4 + 6. Let f = v + 0. Suppose -80 = -f*a - 26. What is the tens digit of a?
2
Suppose -41*k + 1020 + 2137 = 0. Let q be -34 - (2 + -1 - 1). Let c = q + k. What is the units digit of c?
3
Let a = -1 - 8. Let t(b) = -8*b - 9. What is the units digit of t(a)?
3
Let i(l) be the first derivative of 4*l**3/3 + 25*l**2/2 + 20*l + 7. What is the units digit of i(-8)?
6
Let i = -218 + 228. What is the tens digit of i?
1
Suppose 3*d - 1 = 47. Let p = 18 - d. Suppose 4*o = p*i + 6 - 60, 91 = 3*i + 4*o. What is the units digit of i?
9
What is the tens digit of (-6 + 7 + -4)/((-3)/802)?
0
Suppose -7*a + 913 - 192 = 0. Suppose -655 = -4*n - a. What is the hundreds digit of n?
1
Suppose 6*d = -5*d + 15620. What is the thousands digit of d?
1
Let w = 2547 - 256. What is the tens digit of w?
9
Let k be ((-6)/(-4))/(45/(-150)). Let c be (k/1 + 4)*-5. Suppose -c = 5*a + 4*x, 5*a + x = -0*x + 10. What is the units digit of a?
3
Let g = 1832 - 933. What is the hundreds digit of g?
8
Let l(g) = 4*g - 2. Suppose i - 2*i + 1 = 0. Let a = i + 3. What is the units digit of l(a)?
4
Suppose -2*t = -242*p + 245*p - 5048, -2*p = -4*t - 3392. What is the thousands digit of p?
1
Suppose -9*w + 4*w = 4*w. Let l(n) = -n**3 + 6*n**2 + 3*n + 3. Let v be l(6). Suppose -c = -w*c - v. What is the units digit of c?
1
What is the hundreds digit of -45*((-4)/(-18))/((-37)/1110)?
3
Let d(a) = 4*a**3 - 23*a**2 + a - 16. Let v(p) = 3*p**3 - 23*p**2 + 2*p - 15. Let c(x) = -2*d(x) + 3*v(x). What is the units digit of c(23)?
9
Suppose -498 = -4*v - 5*y, 2*v + y = 67 + 185. What is the hundreds digit of v?
1
Let k(y) = 3*y**3 - 82*y**2 - 30*y - 50. What is the thousands digit of k(30)?
6
Let w(m) = 46*m + 6. What is the hundreds digit of w(5)?
2
Let g = 0 + 0. What is the tens digit of (1 + g - 0)*33?
3
Let n(x) = -9*x - 26. What is the units digit of n(-10)?
4
Suppose 392 = 5*x - 383. Let j = x - 109. What is the units digit of j?
6
Let f(u) = u**3 - 3*u**2 + 21*u + 8. What is the units digit of f(5)?
3
Suppose 0 = 3*p + 2*k - 181, -2*k - k = -3*p + 171. Let o = p + -35. Suppose l = -l + o. What is the tens digit of l?
1
Suppose -4*y = -3*y + 8. Let m be y/(-24)*1*6. Suppose -2*f - f + 205 = -m*z, 0 = -4*f + 4*z + 268. What is the tens digit of f?
7
Suppose 87394 = 39*r - 26330. What is the hundreds digit of r?
9
Let f = -1766 - -4217. What is the hundreds digit of f?
4
Suppose -9 = -5*l + 2*l. Suppose -5*r + 3*s - 2*s = -164, -l*s = 12. What is the units digit of r?
2
Suppose 4*y + 5*m = 1547, 12*y - 16*y - 4*m = -1548. What is the tens digit of y?
8
Let j = -106 - -194. Suppose 5*l - 147 = j. What is the tens digit of l?
4
Suppose -24*g = -23*g + 218. Let u = 422 + g. What is the units digit of u?
4
Let q = 2 + -1. Let j = -1 - q. What is the units digit of ((-322)/4)/7*j?
3
Let j(k) = 6*k**2 + k + 2. Let w(d) = -d**3 - 7*d**2 - d - 1. Let c be w(-7). Suppose 2*p = -p + c. What is the tens digit of j(p)?
2
Let d(b) = 2*b**2 - 3*b**2 + 10 - 470*b + 485*b. What is the tens digit of d(9)?
6
Let h be (1/(-2))/(3/(-42)). Let u = 7 - h. Suppose u = -3*k - 15 + 51. What is the tens digit of k?
1
Suppose -5*y = -54 + 19. Let k be ((-9)/(-4))/(y